 8*j - q = 0. What is the greatest common factor of j and 12?
12
Suppose 0*c + r - 183 = -5*c, 0 = -c + 3*r + 27. Let x = 10 + 2. What is the highest common factor of x and c?
12
Let u = -2 + 4. Let d be (1008/u)/3 - 3. Suppose 55 + 5 = 4*r. Calculate the highest common divisor of r and d.
15
Suppose d - 576 = -8*d. What is the greatest common factor of 2 and d?
2
Let p(q) = -q**2 - 8*q - 4. Let g be p(-6). Let o = g + 5. Let r be 834/8 + 1/(-4). What is the highest common divisor of r and o?
13
Let x(i) = 2*i**2 - 3. Let z be x(3). Let b = z - 9. What is the greatest common divisor of 2 and b?
2
Suppose 3*w = 13*w - 400. Calculate the highest common factor of 56 and w.
8
Let i = -13 - -21. Suppose -u + 3*x + 9 = -12, 4*x + 20 = u. Calculate the greatest common divisor of i and u.
8
Suppose 6*a + 0*a - 54 = 0. Calculate the greatest common divisor of 1 and a.
1
Let j(f) = 2*f**2 + 3*f. Let v be j(-2). Suppose 6 = -2*z, 0 = -4*l + z - 3*z - v. Let g be 1*(6/2 - l). What is the greatest common factor of 10 and g?
2
Suppose 5*k + 1 - 16 = 0. Suppose 4*y - 5*o + o = 108, 63 = 2*y - 5*o. What is the greatest common factor of y and k?
3
Let m(n) = -n + 7. Let h be m(5). Let d be (-1)/(-2)*(-6 - 6). Let s be (-147)/d + (-1)/h. Calculate the greatest common factor of s and 60.
12
Suppose 0 = 12*s - 6*s - 252. What is the greatest common factor of 6 and s?
6
Suppose -4*n - 4 = -2*n. Let k = -19 - -11. Let h be n/k + (-670)/(-8). What is the highest common factor of h and 12?
12
Let n = -2 - -6. Suppose -k = k + 4*s - 110, n*k - 196 = -2*s. Let d = -34 + k. Calculate the greatest common divisor of d and 104.
13
Suppose 0 - 2 = -l. Suppose 0 = p + 2, l*i + 5*p - 14 = p. What is the highest common divisor of i and 77?
11
Let i = 257 - 177. What is the highest common factor of i and 120?
40
Let x = 11 + -6. Suppose 3*r - 280 = -4*q + 7*r, -r = x. Suppose m + 3*t - q = 0, 2*m - 235 = -m - t. Calculate the greatest common divisor of m and 20.
20
Let k(i) = 3*i**3 + 4*i**2 + 3*i + 2. Let t be k(-2). Let r be (-8)/(-3)*t/(-8). What is the highest common factor of 20 and r?
4
Let f = -247 - -157. Let h be 2/(-7) + f/(-21). Suppose -3*i = -2*t - h, -i = 2*t - 2*i. Calculate the greatest common divisor of 5 and t.
1
Suppose -t = c - 15, c = -2*t + 22 + 8. Calculate the greatest common factor of 15 and t.
15
Suppose -f + 4*f - 116 = -5*d, -5*f = 3*d - 172. What is the greatest common divisor of f and 48?
16
Let s be 1 + 1*(13 - 2). Let a = 0 - 0. Suppose l - w + a*w = 41, 26 = l + 2*w. Calculate the greatest common divisor of l and s.
12
Suppose 4*o - 3*o = 10. Let c be 1/2*(-12)/(-2). Suppose 0*u + 10 = 2*p - c*u, -2*u + 6 = 5*p. Calculate the highest common divisor of p and o.
2
Let f(a) = -3*a**2 - 4*a - 8. Let r(g) = -7*g**2 - 9*g - 15. Let h(o) = -9*f(o) + 4*r(o). Let j be h(0). What is the highest common divisor of j and 84?
12
Let v = 0 - 122. Let z = -86 - v. What is the greatest common factor of z and 12?
12
Let u be -2 - -28 - -2 - -2. Let q(d) = d**3 + 5*d**2 - d + 4. Let p be q(-4). Suppose 3*b - b = p. Calculate the highest common divisor of u and b.
6
Suppose w - 3*w = 0. Let g(q) = 8*q**2 - 5 + w*q**3 - 5*q + 3*q - q**3. Let o be g(6). Calculate the greatest common factor of 22 and o.
11
Let a = -276 - -902. Let p be (-12)/(-54) - a/(-18). Calculate the greatest common divisor of p and 14.
7
Let q = 285 - 164. Calculate the highest common factor of 11 and q.
11
Suppose -31 = 2*n - 69. What is the greatest common factor of n and 76?
19
Let v(g) = -4*g - 43. Let f be v(-13). Calculate the greatest common factor of f and 63.
9
Let y be 1/3 + 342/27. Calculate the highest common divisor of y and 91.
13
Let g be (-1264)/(-18) + 10/(-45). What is the highest common factor of 28 and g?
14
Suppose -4*d - 62 - 282 = 0. Let z be 1/(-3) + d/(-6). Let i(c) = 34*c + 1. Let j be i(1). What is the highest common factor of z and j?
7
Let a = 6 + 6. Suppose 3*w - 5*w + 144 = 0. Suppose 0 = 2*p - 0*v - 4*v - w, -3*v = 5*p - 141. What is the highest common factor of a and p?
6
Let i(m) = -m**3 + 10*m**2 - 14*m - 6. Let c be i(8). Calculate the greatest common factor of c and 110.
10
Let v(k) = 74*k + 4. Let m be v(4). Suppose -5*w + m = -0*w. Let n = w - 39. Calculate the greatest common factor of n and 3.
3
Let w be ((-10)/3)/(2/(-3)). Let u be (6/(-4))/(w/(-50)). Calculate the greatest common divisor of 135 and u.
15
Suppose -4*o = 3 - 115. Calculate the highest common factor of o and 7.
7
Let u = 292 - 170. Let x be u/14 + (-4)/(-14). Calculate the greatest common divisor of 1 and x.
1
Let q(y) = y**3 - 4*y**2 - y - 8. Let m be q(7). What is the greatest common divisor of m and 12?
12
Let t(n) = -8*n**3 - n**2 + n - 2. Let o be -2 + 4 - 12/3. Let v be t(o). What is the greatest common divisor of 8 and v?
8
Let m(x) = -3*x + 13. Suppose 3*l + 2*s + 7 = 0, 0*s + 4*s = -5*l - 9. Let k be m(l). Calculate the highest common factor of k and 4.
4
Let q be (-18)/12*(0 + -2). Suppose -3 - 3 = -q*v. Calculate the greatest common divisor of v and 22.
2
Let d = -1 + 18. What is the greatest common factor of 17 and d?
17
Suppose -3*a = -4*w + 62, w - 2*a = -2 + 15. What is the highest common divisor of w and 51?
17
Let m = 52 - 37. What is the greatest common factor of m and 5?
5
Suppose -264 = -5*m + 161. Let j be ((-816)/84)/((-4)/14). What is the greatest common divisor of m and j?
17
Suppose 387 = 3*v + g, -4*v = -3*g - 0*g - 529. Let f be (-52)/(3*5/(-15)). Calculate the greatest common divisor of f and v.
26
Suppose -2*z - 5*r = 3*z - 15, -20 = -5*r. Let p(g) = -16*g**3 + g + 1. Let a be p(z). What is the highest common divisor of 48 and a?
16
Let b(u) = 12*u**2 - 8. Let w be b(-3). What is the highest common divisor of 20 and w?
20
Suppose 0 = l - 12 - 8. Calculate the greatest common divisor of 100 and l.
20
Suppose 5*x - 9 = -0*x + 2*a, x - 2*a = -3. Suppose -273 + x = -3*u. What is the greatest common divisor of 18 and u?
18
Let y(z) = -z**3 - 5*z**2 - 4*z - 3. Let t be y(-4). Let m be t/(((-9)/(-6))/(-1)). Let q be (m - 3 - -6)/1. Calculate the highest common factor of 5 and q.
5
Let h = 33 + -25. What is the highest common divisor of 72 and h?
8
Suppose -3*j + 89 = -2*j. Let w = j + -62. Let a be 3*3/w*39. What is the highest common divisor of a and 65?
13
Let m = 15 + 41. Let k be ((-9)/3)/((-6)/16). What is the greatest common factor of m and k?
8
Suppose -3*k + 22 = 1. Let h = 1 + k. Suppose h*y = 3*y + 50. Calculate the greatest common divisor of 110 and y.
10
Let i(j) = j**3 + 10*j**2 + 8*j - 1. Let v be i(-6). Let l be 2/3*(-228)/(-8). Calculate the greatest common factor of l and v.
19
Let r be -1 + (9 - -4) + -1. Suppose w + 2 = 57. What is the highest common factor of w and r?
11
Let z = 11 - -17. Calculate the greatest common factor of 42 and z.
14
Let j = 95 + -5. What is the greatest common factor of j and 18?
18
Let y(a) = -a**3 - 24*a**2 - 25*a + 4. Let z be y(-23). Calculate the greatest common divisor of 75 and z.
25
Let d(y) = -y**2 - 8*y - 4. Suppose -2*b - 3*w = 2*b + 9, -5*b - 4*w - 10 = 0. Let z be d(b). Calculate the greatest common divisor of 40 and z.
8
Let k(h) = h**3 + 6*h**2 + 3*h - 5. Let w be k(-4). Let n = 22 - w. Calculate the greatest common divisor of n and 35.
7
Let j be (-23 + -1)/((-42)/56). What is the highest common factor of j and 64?
32
Let v = 47 + -44. Calculate the highest common divisor of v and 12.
3
Suppose -j + w + 3 = 0, -11 = -0*j - j + 5*w. What is the greatest common divisor of j and 4?
1
Let h = -93 + 158. Let b be (-2)/13 + 205/h. Suppose b*f = 2 + 1. What is the highest common divisor of 5 and f?
1
Let i(j) = -2 - 4 + 2 - 3 - j. Let l be i(-9). What is the greatest common divisor of l and 6?
2
Suppose 0 = -4*g + 326 + 430. What is the highest common factor of 27 and g?
27
Suppose 5*g + 0*b + 3*b - 712 = 0, 0 = g + 3*b - 140. Let t(r) = r**3 + 3*r**2 - 5*r - 2. Let c be t(-3). Calculate the highest common divisor of g and c.
13
Let j(x) = 6*x - 4. Let w be j(5). Let h = 17 - w. Let c be (-30)/(-2 - h/6). Calculate the greatest common divisor of c and 12.
12
Let a be 1*-15*3/(-9). Suppose a*x + 24 = 179. Suppose -5*l - 1 = -x. Calculate the highest common divisor of l and 9.
3
Suppose 5 = -2*v + v. Let p be 2/